e
Is 5206457 a multiple of 1194?
False
Does 15 divide 37920?
True
Is 7 a factor of 479136?
True
Is 130663 a multiple of 19?
True
Is 1116167 a multiple of 670?
False
Does 25 divide 1894875?
True
Does 90 divide 1037520?
True
Does 51 divide 1299911?
False
Is 1307725 a multiple of 12?
False
Does 23 divide 65958?
False
Does 12 divide 5882525?
False
Does 12 divide 46154?
False
Does 24 divide 102840?
True
Is 38 a factor of 465648?
False
Is 666218 a multiple of 169?
False
Is 8 a factor of 880612?
False
Does 669 divide 842271?
True
Is 11814714 a multiple of 661?
True
Is 7 a factor of 1966566?
True
Is 217492 a multiple of 92?
False
Is 174 a factor of 161472?
True
Does 3 divide 33934?
False
Is 1599947 a multiple of 392?
False
Does 14 divide 349639?
False
Is 1048102 a multiple of 781?
True
Is 16 a factor of 2257936?
True
Is 6796464 a multiple of 136?
True
Is 480976 a multiple of 23?
True
Is 75937 even?
False
Is 1887108 a multiple of 5?
False
Is 14 a factor of 629788?
False
Does 3 divide 60324?
True
Does 2 divide 31242?
True
Is 199320 a multiple of 151?
True
Does 4 divide 12467?
False
Does 3 divide 969855?
True
Is 17 a factor of 748289?
True
Is 229 a factor of 5255321?
True
Does 17 divide 342516?
True
Is 98 a factor of 70424?
False
Is 475717 a multiple of 733?
True
Is 7 a factor of 123123?
True
Does 11 divide 490133?
False
Is 174618 a multiple of 178?
True
Is 7 a factor of 2565742?
False
Is 409 a factor of 1802872?
True
Is 78 a factor of 883991?
False
Is 780 a factor of 1535725?
False
Is 5517527 a multiple of 562?
False
Does 10 divide 2492947?
False
Does 27 divide 190464?
False
Is 6821 even?
False
Does 76 divide 1105441?
False
Does 652 divide 60732?
False
Is 46 a factor of 3532708?
True
Is 94432 a multiple of 16?
True
Is 22554 a multiple of 25?
False
Is 811830 a multiple of 94?
False
Does 56 divide 12729472?
True
Does 18 divide 5393897?
False
Is 417588 a multiple of 34?
True
Is 7 a factor of 66771?
False
Is 197 a factor of 204929?
False
Does 11 divide 2185172?
True
Is 406 a factor of 2281703?
False
Is 12368225 a multiple of 775?
True
Does 67 divide 2431195?
False
Is 369 a factor of 43039?
False
Is 720 a factor of 2815200?
True
Is 28881814 a multiple of 13?
True
Is 45 a factor of 187611?
False
Does 114 divide 513809?
False
Is 171 a factor of 79350?
False
Does 72 divide 231984?
True
Is 17 a factor of 2100606?
False
Is 9579 a multiple of 93?
True
Is 13928799 a multiple of 907?
True
Is 3171299 a multiple of 147?
False
Is 1289729 even?
False
Is 1898499 a multiple of 710?
False
Does 215 divide 391160?
False
Is 24 a factor of 167301?
False
Is 515440 a multiple of 758?
True
Does 764 divide 273252?
False
Is 43823 a multiple of 2?
False
Is 33909 a multiple of 13?
False
Is 9709983 a multiple of 783?
True
Does 9 divide 63314?
False
Is 121686 a multiple of 34?
True
Does 20 divide 110140?
True
Is 3 a factor of 136971?
True
Does 13 divide 37271?
True
Does 12 divide 256464?
True
Is 52063 a multiple of 11?
True
Is 416 a factor of 1834371?
False
Is 25 a factor of 1218097?
False
Does 9 divide 2949183?
True
Does 916 divide 99844?
True
Is 12966756 a multiple of 205?
False
Is 178 a factor of 3943412?
True
Does 6 divide 2012598?
True
Is 2235055 a multiple of 1111?
False
Is 181160 a multiple of 1188?
False
Does 39 divide 1622588?
False
Does 259 divide 167573?
True
Is 69488 a multiple of 4?
True
Is 67 a factor of 95434?
False
Does 2 divide 28736?
True
Is 10494 a multiple of 183?
False
Is 9039778 a multiple of 71?
False
Does 14 divide 75551?
False
Is 44635 a multiple of 5?
True
Is 478365 a multiple of 13?
False
Is 500 a factor of 3020500?
True
Is 22951342 a multiple of 2342?
False
Is 31 a factor of 23607?
False
Does 5 divide 297015?
True
Is 316825 a multiple of 51?
False
Is 1568 a factor of 20747776?
True
Does 12 divide 1969467?
False
Does 690 divide 3011016?
False
Is 34277 a multiple of 163?
False
Is 434956 a multiple of 103?
False
Does 11 divide 209716?
False
Is 413166 a multiple of 26?
True
Is 294 a factor of 75852?
True
Is 86610 a multiple of 197?
False
Does 69 divide 10236288?
True
Is 5 a factor of 1345155?
True
Is 232 a factor of 390364?
False
Is 65 a factor of 1570530?
True
Is 788628 a multiple of 18?
False
Does 3 divide 14365?
False
Is 22313923 a multiple of 19?
True
Is 8 a factor of 666880?
True
Is 15907145 a multiple of 190?
False
Is 69 a factor of 63653?
False
Is 620 a factor of 93092?
False
Is 78 a factor of 16448702?
False
Is 9 a factor of 598231?
False
Is 57 a factor of 763800?
True
Is 200568 a multiple of 410?
False
Does 1207 divide 11159922?
True
Does 48 divide 462240?
True
Is 553 a factor of 2632280?
True
Does 1552 divide 6051466?
False
Does 4 divide 384518?
False
Is 28 a factor of 500976?
True
Is 129902 a multiple of 611?
False
Does 11 divide 788425?
True
Does 29 divide 253344?
True
Does 10 divide 1800930?
True
Is 8100497 a multiple of 34?
False
Is 117 a factor of 234174?
False
Is 4 a factor of 5756?
True
Does 63 divide 6360712?
False
Does 6 divide 33822?
True
Is 343793 a multiple of 501?
False
Is 1103 a multiple of 119?
False
Is 1020 a factor of 1151268?
False
Is 118 a factor of 344499?
False
Is 163 a factor of 7758233?
False
Does 221 divide 111939?
False
Does 139 divide 2278071?
True
Is 18372475 a multiple of 297?
False
Is 794808 a multiple of 171?
True
Is 60 a factor of 93712?
False
Is 738839 a multiple of 4?
False
Is 8176194 a multiple of 378?
False
Is 201372 a multiple of 12?
True
Does 10 divide 52920?
True
Is 171 a factor of 293949?
True
Does 196 divide 3234980?
True
Is 1278586 a multiple of 12?
False
Does 103 divide 2348400?
True
Does 15 divide 10250?
False
Is 262640 a multiple of 70?
True
Is 69 a factor of 89907?
True
Is 344828 a multiple of 63?
False
Is 90 a factor of 102420?
True
Is 16 a factor of 124637?
False
Does 139 divide 342330?
False
Does 31 divide 3148486?
False
Is 954139 a multiple of 284?
False
Is 4057959 a multiple of 1587?
True
Does 16 divide 180288?
True
Does 2 divide 705340?
True
Is 307 a factor of 5619328?
True
Does 11 divide 588001?
False
Is 11 a factor of 35266?
True
Does 11 divide 44189?
False
Is 81 a factor of 137323?
False
Is 210682 a multiple of 25?
False
Does 237 divide 414513?
True
Does 5 divide 752443?
False
Is 24486 a multiple of 11?
True
Does 23 divide 1402220?
False
Does 424 divide 14677184?
True
Is 49 a factor of 688452?
False
Does 74 divide 41289?
False
Does 464 divide 294176?
True
Is 10105 a multiple of 70?
False
Is 3064560 a multiple of 60?
True
Is 510132 a multiple of 84?
True
Does 306 divide 2587842?
True
Is 180245 a multiple of 370?
False
Is 386193 a multiple of 87?
True
Does 51 divide 626157?
False
Does 490 divide 10777?
False
Does 27 divide 60318?
True
Does 39 divide 607776?
True
Is 159 a factor of 776566?
False
Is 5600907 a multiple of 729?
True
Is 67 a factor of 87550?
False
Does 67 divide 4508083?
False
Is 90772 a multiple of 163?
False
Does 349 divide 13200576?
True
Is 177023 a multiple of 133?
True
Is 5789555 a multiple of 12?
False
Is 3592 a multiple of 38?
False
Is 45 a factor of 69885?
True
Is 91 a factor of 654654?
True
Is 14049 a multiple of 4?
False
Does 23 divide 26105?
True
Is 21568 a multiple of 16?
True
Does 154 divide 10825?
False
Is 133 a factor of 44821?
True
Is 370550 a multiple of 25?
True
Does 29 divide 1267186?
False
Is 2 a factor of 4968?
True
Does 208 divide 96106?
False
Does 145 divide 172550?
True
Is 54 a factor of 75924?
True
Does 14 divide 24086552?
True
Does 320 divide 2368000?
True
Is 4018000 a multiple of 2050?
True
Is 1935522 a multiple of 146?
True
Does 42 divide 16212?
True
Is 1828984 a multiple of 201?
False
Is 7 a factor of 108486?
True
Does 3 divide 7382832?
True
Is 34 a factor of 3450?
False
Is 6 a factor of 250398?
True
Is 139776 a multiple of 56?
True
Does 24 divide 20682187?
False
Is 618 a factor of 123437?
False
Does 391 divide 4705412?
False
Is 9 a factor of 508959?
True
Does 140 divide 5869640?
True
Does 649 divide 147323?
True
Is 548832 a multiple of 12?
True
Is 34 a factor of 307598?
True
Does 67 divide 4242036?
False
Is 104604 a multiple of 138?
True
Does 9 divide 417782?
False
Is 61 a factor of 10795?
False
Does 106 divide 929635?
False
Is 638637 a multiple of 482?
False
Does 200 divide 53627?
False
Is 504410 a multiple of 3?
False
Is 4 a factor of 230523?
False
Is 1